ist the prime factors of a(-6).
2
Let f(m) = -7 + m**2 - 4 + 11*m - 3. List the prime factors of f(-13).
2, 3
Suppose 0 = 4*u + 3*v + 15, u + v = -0*v - 5. Suppose u = -0*o - o + 2. List the prime factors of o.
2
Let r be ((-8)/10)/(24/(-1380)). Suppose 0 = -2*z + 2*m - 5*m + r, 0 = 2*m + 4. List the prime factors of z.
2, 13
Let h = 7 - 2. Let o(u) = -u**3 + 4*u**2 + 5*u - 1. Let p be o(h). What are the prime factors of 17/1 - p - -1?
19
Let c = 13 - -35. Suppose 28 = 5*q + 4*r, 4*q + 0*q - 6 = 5*r. Suppose 4*b - 3*f - 60 = -7*f, -5*b + c = -q*f. List the prime factors of b.
2, 3
Suppose -2*w = 4*i - 279 + 53, 0 = -4*w + 4*i + 440. List the prime factors of w.
3, 37
Let a = 144 - 69. List the prime factors of a.
3, 5
Let h = -5 - -4. Suppose -3*m + 2*u - 14 = 0, -2*m - 5*u + 30 = -7*m. List the prime factors of m - 1/h*11.
3
Suppose -112 = -6*k + 254. Let p = k - 16. What are the prime factors of p?
3, 5
Suppose 133 = 4*u - 3*t, 0*u + u - 36 = -2*t. List the prime factors of u.
2, 17
Let n(p) = p**2 - 5*p + 7. What are the prime factors of n(6)?
13
Suppose 5*g = -g + 906. List the prime factors of g.
151
Let l(i) = -3*i - 6. Let x = 2 + -8. List the prime factors of l(x).
2, 3
Let o(b) = 319*b - 6. List the prime factors of o(1).
313
Let k(n) = 4*n**3 - n**2 + n. Let p(q) = -q**3 - 4*q**2 + 2. Let l be p(-4). What are the prime factors of k(l)?
2, 3, 5
Let d = 45 - 31. Let g(u) = u**2 - 10*u - 16. Let s be g(12). Let c = d - s. List the prime factors of c.
2, 3
Let v(r) = -4*r + 22. List the prime factors of v(-6).
2, 23
Suppose 0 = -3*n + 2 + 4. Suppose -3*g + 36 = -0*g - n*i, -2*g - 2*i = -34. What are the prime factors of g?
2, 7
Suppose 0 = 5*n - 3*w - 2167, -874 = -2*n - 0*n + 3*w. List the prime factors of n.
431
Let w(b) = -4*b**3 - 3*b**2 - 5*b - 3. What are the prime factors of w(-3)?
3, 31
Let k = -96 - -174. What are the prime factors of k?
2, 3, 13
Let x be (-6)/(-9)*18*5. Suppose 3*i + 3*a - x = 0, 5*i = -a + 125 - 37. What are the prime factors of i?
17
Suppose 0 = -2*s - 3*u + 320, -u + 312 = -4*s + 6*s. What are the prime factors of s?
2, 7, 11
Suppose 3*a + 0 = 9, 3*t + 4*a - 9 = 0. Let w = 5 - 7. What are the prime factors of -2 + (t - 4*w)?
5
Let p(m) = 6*m + 9. List the prime factors of p(10).
3, 23
Let l(t) = -t + 4. Let x(c) = 2*c - 3. Let s(n) = 3*l(n) + 2*x(n). What are the prime factors of s(-4)?
2
Let n(r) = 3*r**3 + r**2 + 3*r - 2. Let y be n(2). Suppose -3*g + y = -2*z + 4, 2*z + 4 = -g. List the prime factors of g.
2, 3
Let i(a) = a**3 - 11*a**2 + 10*a + 11. List the prime factors of i(11).
11
Let i(r) = -16 + 2*r + 0*r + r**3 + 7*r**2 - 3*r - 3*r. What are the prime factors of i(-7)?
2, 3
Suppose d - 261 = 2*g, 5*g + 276 = 2*d - d. List the prime factors of d.
251
List the prime factors of 30 - 1/(4/8).
2, 7
Let c be 1/(-3)*(-12)/(-2). Suppose 11 = 2*v - m, 0 = 5*v - 0*v - 2*m - 26. Let l = c + v. List the prime factors of l.
2
Let w(g) = -2*g + 3. Let n(a) = 7*a - 11. Let h(q) = -2*n(q) - 9*w(q). List the prime factors of h(4).
11
Suppose 0*y = y - 8. Suppose 3*z + 1 = 4. Let q = y + z. List the prime factors of q.
3
Let d(g) = 2*g + 9. Let q be d(-6). What are the prime factors of -17*(q/3 - 0)?
17
Suppose -97 = -4*y + 175. List the prime factors of y.
2, 17
What are the prime factors of ((-368)/(-28))/(4/14)?
2, 23
Suppose -c + 6 = -2*d, c = 4*c - 2*d - 6. Let u = c + 3. List the prime factors of u.
3
Suppose 0 = 23*c - 15*c - 520. List the prime factors of c.
5, 13
Let f = 27 + -39. Let t = -21 + 25. List the prime factors of t/f - 104/(-6).
17
Suppose 5*h - 65 = -0*h - x, 0 = 4*x - 20. Suppose -20 = -4*v - 2*z, 4*z = z + h. What are the prime factors of v?
3
Let x be (4/10)/((-2)/10). Let s be -2 - x - (-2 - 5). Suppose 2*q - 5*r + 70 = s*q, 5*r - 52 = -3*q. List the prime factors of q.
3
Suppose 2*i - 4*l = -2*l - 32, 0 = 3*l - 6. Let k be 1*2 - 4/(-4). What are the prime factors of k - i*1/2?
2, 5
Suppose 2*u + 2*x + 10 = 7*x, 5*x + 5 = 5*u. Suppose -u*n + 52 = -8. What are the prime factors of n?
2, 3
Suppose -4*m + 24 = 4. Let h(q) = q**2 - q + 7. What are the prime factors of h(m)?
3
Suppose -2*q = 3*q - 310. Let c = -44 + q. List the prime factors of (1 + 2)*84/c.
2, 7
Let t be (-1)/2*(-60)/6. Suppose 4*b + b - 2*v - 38 = 0, 26 = t*b + v. List the prime factors of ((-8)/b - -1)*-6.
2
Suppose -4*v - 5*x + 2 = -5*v, 0 = -v + 2*x - 2. List the prime factors of 3 - (3 + -17 + v).
19
Let s(y) = y**3 - 6*y**2 + 7*y - 5. Let i be s(5). Let f be 46/i - (-2)/(-10). Let d = f + -6. List the prime factors of d.
3
Let t(i) = 5*i - 2*i - 6*i - 8*i. List the prime factors of t(-2).
2, 11
Let w(z) = 20*z - 1. Let p be w(1). Suppose b + 13 = -b + o, o = 3*b + p. Let a = 15 + b. List the prime factors of a.
3
List the prime factors of (126/(-12))/(1/(-6)).
3, 7
Let n be (-7)/(-1) + (-4 - -8). Let k(r) = -4*r + 4. Let g be k(-5). Let x = g - n. What are the prime factors of x?
13
Suppose -3*q + 5 = -2*q. Let n = 12 - q. Suppose -n*v = -4*v - 24. List the prime factors of v.
2
Suppose -1 = 3*f + 68. Let p = -6 - f. List the prime factors of p.
17
Let s be 6/4*(0 - 2). Let p be s/(30/4)*-10. Suppose -g + 6 = p. What are the prime factors of g?
2
Suppose 2*i + 3*f + 9 = -8, 0 = -f - 5. List the prime factors of (-4)/(-4)*(-23)/i.
23
Let a be ((-27)/12)/(6/(-16)). Suppose -3*n = 4*f - 71, 3*n = -5*f + 4*f + 11. Suppose -l = a - f. List the prime factors of l.
2, 7
Suppose 8*s - 154 = -26. What are the prime factors of s?
2
Suppose 4*v - 5*f = -12, 15 = -5*v - 4*f + 5*f. Let p = -6 - v. List the prime factors of (2 - 5)/(3/p).
3
Let h(p) = 5*p**2 - 7*p + 5. What are the prime factors of h(-4)?
113
Suppose r = 2, y - 8 + 2 = -2*r. Suppose -n + 2*n + i = y, -5 = -n + 2*i. What are the prime factors of -3 - (n + (-13)/1)?
7
Let n(s) = s**3 + 4*s**2 + 3*s + 1. Let g be n(-3). Let c be (-72)/(-32) - 1/4. Suppose -33 = -2*j - c*z - g, 5*j - 40 = 3*z. What are the prime factors of j?
11
Let q = -3 + 5. Suppose 0 = q*t + t + 15. Let g = t - -15. List the prime factors of g.
2, 5
Let x(m) = 5*m - 12. Let s(g) = 2*g - 4. Let j(h) = 8*s(h) - 3*x(h). Let w be j(5). List the prime factors of (-52)/(-6) - (-3)/w.
3
Let l be 2/(-2)*78/(-3). Suppose -2*v = -i - 3*v + 6, 3*v + l = i. What are the prime factors of i?
11
Let d be (2/3)/((-4)/6). Let k(i) = 20*i**2 + i. What are the prime factors of k(d)?
19
List the prime factors of (-2922)/(-16) - 6/(-16).
3, 61
Suppose -4*k - 4*u = -180, 78 = 2*k - 0*k - 2*u. List the prime factors of k.
2, 3, 7
Let d(h) = -7*h**3 - 17*h**2 - 3*h - 3. Let a(p) = -3*p**3 - 8*p**2 - p - 1. Let z(b) = -5*a(b) + 2*d(b). What are the prime factors of z(-6)?
5
What are the prime factors of (-4 + 2)*11/(-2)?
11
Let s(h) = -h - 2. Suppose 4*z = 2*z - 12. What are the prime factors of s(z)?
2
Let g be ((-6)/9)/((-2)/(-3)). Let r be 0/(-4 - -2 - g). Suppose r = -m - 2*z - 1, -2*z - 6 = -0*z. List the prime factors of m.
5
Suppose 77 = 3*j + k, -7*k + 116 = 4*j - 3*k. Let r = 44 - j. Suppose 0 = 5*o + 10, -4*m + 2*m + r = -3*o. List the prime factors of m.
7
Let v = -4 - -3. Let z be v/(-4) - 95/(-20). Suppose -4*f + j + 2*j = -29, -z*j + 25 = 0. What are the prime factors of f?
11
Let w(l) = -l**2 + 5*l + 5. Let g be w(5). Suppose -54 = -g*u + 6. Suppose -3*h - 3*v = -3 - u, 40 = 5*h + 2*v. List the prime factors of h.
2, 5
Suppose 0 = -2*s + 3*x + 201, s - x = -2*s + 312. Suppose -5*y + 45 = -s. What are the prime factors of y?
2, 3, 5
What are the prime factors of ((2 + -4)/6)/((-3)/1017)?
113
Let x = 2 - -2. Suppose x*m - 54 = m. What are the prime factors of m?
2, 3
Let h be (2/4)/(1/(-14)). Let k = -42 - -24. Let b = h - k. What are the prime factors of b?
11
Let w(f) be the third derivative of 7*f**4/12 - f**3/6 + f**2. List the prime factors of w(1).
13
Let y(q) = q + 3 + 1 - 1. Let o be y(-3). Suppose a + 6 = -0*i + 3*i, 5*a + 4*i - 65 = o. List the prime factors of a.
3
Suppose -2*u = u - 90. What are the prime factors of u?
2, 3, 5
Let o be 6 + -4 - (37 - 0). Let k = -16 - o. What are the prime factors of k?
19
Let v(q) = -2*q + 1. List the prime factors of v(-7).
3, 5
Suppose -2*p + 0*p + 18 = 0. What are the prime factors of p?
3
Suppose -5*y + 82 + 138 = 0. List the prime factors of y.
2, 11
Suppose 